{"id":25,"date":"2020-02-06T09:45:11","date_gmt":"2020-02-06T08:45:11","guid":{"rendered":"http:\/\/vpts.edu.rs\/lands\/?page_id=25"},"modified":"2020-02-06T12:35:16","modified_gmt":"2020-02-06T11:35:16","slug":"partneri","status":"publish","type":"page","link":"http:\/\/vpts.edu.rs\/lands\/?page_id=25","title":{"rendered":"PARTNERI"},"content":{"rendered":"\n<ul><li><em>Visoka poljoprivredno-prehrambena \u0161kola strukovnih studija, Prokuplje, Srbija, koordinator projekta;<\/em><\/li><li><em>Visoka \u0161kola strukovnih studija U\u017eice, U\u017eice, Srbija, akademski partner;<\/em><\/li><li><em>Visoka turisti\u010dka \u0161kola strukovnih studija, Beograd, Srbija, akademski partner;<\/em><\/li><li><em>Zapadnobalkanski institut, Beograd, Srbija, neakademski partner;<\/em><\/li><li><em>Regionalna razvojna agencija Zlatibor, U\u017eice, Srbija, neakademski partner;<\/em><\/li><li><em>Regionalna razvojna agencija Jug, Ni\u0161, Srbija, neakademski partner;<\/em><\/li><li><em>Univerzitet u Banja Luci, Banja Luka, Bosna i Hercegovina, akademski partner;<\/em><\/li><li><em>Univerzitet u Sarajevu, Sarajevo, Bosna i Hercegovina, akademski partner;<\/em><\/li><li><em>Univerzitet D\u017eemal Bjedi\u0107 u Mostaru, Mostar, Bosna i Hercegovina, akademski partner;<\/em><\/li><li><em>Sarajevska regionalna razvojna agencija, Sarajevo, Bosna i Hercegovina, neakademski partner;<\/em><\/li><li><em>Regionalna razvojna agencija za Hercegovinu, Mostar, Bosna i Hercegovina, neakademski partner;<\/em><\/li><li><em>Univerzitet Primorska, Koper, Slovenija, akademski partner;<\/em><\/li><li><em>Translivanijski univerzitet u Bra\u0161ovu, Bra\u0161ov, Rumunija, akademski partner;<\/em><\/li><li><em>Slova\u010dki poljoprivredni univerzitet u Nitri, Nitra, Slova\u010dka, akademski partner i<\/em><\/li><li><em>Poljoprivredni univerzitet u Atini, Atina, akademski partner.<\/em><\/li><\/ul>\n","protected":false},"excerpt":{"rendered":"<p>Visoka poljoprivredno-prehrambena \u0161kola strukovnih studija, Prokuplje, Srbija, koordinator projekta; Visoka \u0161kola strukovnih studija U\u017eice, U\u017eice, Srbija, akademski partner; Visoka turisti\u010dka \u0161kola strukovnih studija, Beograd, Srbija, [&hellip;]<\/p>\n","protected":false},"author":1,"featured_media":0,"parent":0,"menu_order":0,"comment_status":"closed","ping_status":"closed","template":"","meta":{"footnotes":""},"_links":{"self":[{"href":"http:\/\/vpts.edu.rs\/lands\/index.php?rest_route=\/wp\/v2\/pages\/25"}],"collection":[{"href":"http:\/\/vpts.edu.rs\/lands\/index.php?rest_route=\/wp\/v2\/pages"}],"about":[{"href":"http:\/\/vpts.edu.rs\/lands\/index.php?rest_route=\/wp\/v2\/types\/page"}],"author":[{"embeddable":true,"href":"http:\/\/vpts.edu.rs\/lands\/index.php?rest_route=\/wp\/v2\/users\/1"}],"replies":[{"embeddable":true,"href":"http:\/\/vpts.edu.rs\/lands\/index.php?rest_route=%2Fwp%2Fv2%2Fcomments&post=25"}],"version-history":[{"count":0,"href":"http:\/\/vpts.edu.rs\/lands\/index.php?rest_route=\/wp\/v2\/pages\/25\/revisions"}],"wp:attachment":[{"href":"http:\/\/vpts.edu.rs\/lands\/index.php?rest_route=%2Fwp%2Fv2%2Fmedia&parent=25"}],"curies":[{"name":"wp","href":"https:\/\/api.w.org\/{rel}","templated":true}]}}